(0). What is the units digit of p + 0 + 14/d?
8
Let m(i) = -2*i**3 - i**2 - i. Let k be m(-1). Let w = k + 1. Let t = w + -1. What is the units digit of t?
2
Suppose 5*v = 11 + 4. Suppose -v = -y + 32. What is the tens digit of y?
3
Let y(v) = -v**3 - v**2 + v + 3. Let k be y(0). Suppose -k*u + 41 = -34. What is the tens digit of u?
2
Suppose 6*b = 2*b. Suppose -7*w + 4 = -10. Suppose w*o - 10 = -b*o. What is the units digit of o?
5
Let g = 532 - 368. What is the hundreds digit of g?
1
Suppose y + 9 = 2. Let t(j) = -5 + 0*j**2 - j**3 - 2*j - 3 - 7*j**2. What is the units digit of t(y)?
6
Let n(d) = 25*d + 2. What is the tens digit of n(1)?
2
Suppose 4*u = 2*u + 20. Let g be (16/10)/(4/u). Suppose 35 = g*o - 3*y, 4*o + y = -0*o + 47. What is the tens digit of o?
1
Let z(g) = g**3 - 3*g**2 + 7*g - 4. What is the units digit of z(4)?
0
Suppose -x - 7 = -2*s - 3*s, -14 = -4*x - s. Suppose 44 = -g - x*g. Let n = g - -18. What is the units digit of n?
7
Suppose v + 3*v - 16 = 0, 0 = 5*j + 3*v - 12. Let w = j - 17. Let o = w - -28. What is the units digit of o?
1
Suppose 5*k - k - 4*s = 36, -2*k - s + 3 = 0. Suppose 6 = u + x, 3*u + k*x + 6 = 21. What is the units digit of u?
9
Let v = 169 + -56. What is the tens digit of v?
1
Let w = -58 + 143. What is the tens digit of w?
8
Let u = -21 - -41. What is the tens digit of (1 - -2)/3 + u?
2
Let w = -19 + 41. Suppose -5*q - 4*s + 12 = 0, 7 = -5*s + w. Suppose 4*t - t - 3 = q. What is the units digit of t?
1
Suppose 3*t - 60 = 2*z, -4*z = 5*t + 47 + 73. Let b = 43 + z. What is the tens digit of b?
1
Suppose -4*a + 3*q = -2, q - 2 = 6*a - 2*a. Let z(w) = -35*w + 2. What is the tens digit of z(a)?
3
Let j(y) = 2*y**2 + 9*y - 11. Let m(p) = p**2 + 4*p - 5. Let t(f) = -2*j(f) + 5*m(f). What is the units digit of t(3)?
2
What is the tens digit of 50 + -2*(2 + 0)?
4
Let b(x) = -4*x + 10. Let k be -5 + (3 + -3)/4. What is the units digit of b(k)?
0
Let f be (-1 + (-4)/(-2))/(-1). Let n(l) = -l**3 - l. Let y be n(f). Suppose -x + y = -3. What is the units digit of x?
5
Let l(o) = 81*o + 21. What is the tens digit of l(4)?
4
Let h(u) = u + 24. What is the tens digit of h(-14)?
1
What is the tens digit of (380/(-30))/((-2)/3)?
1
Let r(m) = m**2 + 1 + 0*m + 3 - m + 4*m. What is the units digit of r(-7)?
2
Let f = -17 - -15. Let n(t) = 5*t**2 + 2*t - 2. What is the units digit of n(f)?
4
Let b be -9*5/((-45)/156). Suppose 2*l - b = -2*l. What is the tens digit of l?
3
Let p = 16 + -24. Let r = 20 - p. What is the units digit of r?
8
Suppose 5*i = d + 14, -2*d + 4*i - 5*i - 39 = 0. Let n = d - -36. What is the tens digit of n?
1
Suppose 0 = 2*g + 5*b - 149, -33 = 5*b - 8. What is the tens digit of g?
8
Let h = 151 + -103. What is the tens digit of h?
4
Let s(z) = -3*z + 3. Let y be s(-7). Suppose -3*k = -3*l - 0 + 6, -y = -3*l - 3*k. What is the units digit of (-2)/(-1 + l)*-2?
1
What is the tens digit of (-18)/(-2 + (-34)/(-20))?
6
Let h(q) = 20*q**3 - q**2 + 7*q - 4. What is the units digit of h(2)?
6
Suppose -567 = -5*y + h, y - 120 = -h - h. What is the hundreds digit of y?
1
Let u = 4 + 0. Suppose b - 2 = 5*p, 8 = 3*p + 2*p + u*b. Suppose 3*w = 2*r - w - 40, -5*r - 5*w + 25 = p. What is the units digit of r?
0
Suppose 201 = 15*q - 12*q. What is the units digit of q?
7
Suppose -5*m = -j - 0*j + 23, -2*j = m + 9. Suppose -2*t + y = -2, -5*y + 6 = 4*t - 6*y. Let p = t - j. What is the units digit of p?
4
Suppose 2*k = 3*k - 9. Suppose 5*o = 44 - k. What is the units digit of o?
7
Suppose 0 = 3*r - 0*r - 4*o + 298, 5*r + 512 = -o. What is the units digit of r/(-10) - 16/(-20)?
1
Let c(b) = 34*b + 1. What is the units digit of c(2)?
9
Let f(c) = -c + 3*c + 1 - 6*c - c**2 + 3*c + 12*c**3. Let d be (-15)/(-25) - 4/(-10). What is the units digit of f(d)?
1
Suppose 36 = 2*p - 6. Suppose 0 = -4*g + 3*g + p. What is the units digit of g?
1
Suppose 1 + 119 = 3*c. What is the units digit of c?
0
Let j be 22/(3*(-3)/(-18)). What is the tens digit of j/(-8)*20/(-5)?
2
What is the units digit of (46/5 - 6)/((-2)/(-30))?
8
Suppose -5*j = 97 - 27. Suppose 4*h - 103 = -7. Let q = j + h. What is the units digit of q?
0
What is the units digit of (19/19)/(2/134)?
7
Suppose -i + 89 = g, -i + 168 = 3*g - 97. What is the units digit of g?
8
Let o(v) = -v**2 - 9*v - 10. Let s(w) = w**2 + 1. Let f(b) = -o(b) - 2*s(b). What is the tens digit of f(8)?
1
Let y = 25 - 20. What is the units digit of y?
5
Suppose 64 = 4*b - 88. What is the tens digit of b?
3
Let f(v) = v**2 + v - 1. Let g(u) = u**3 - 7*u**2 + 4*u + 7. Let p(h) = 6*f(h) - g(h). What is the tens digit of p(13)?
1
Let a be (0*3/6)/(-2). Let k = 1 - a. What is the units digit of k?
1
Let v = -7 + 7. Let m = 1 + v. Suppose 0 = -4*k + 75 + m. What is the units digit of k?
9
Let a(c) = c + 17. What is the units digit of a(-12)?
5
Let i(z) = 2*z**2 - 3*z + 15. What is the tens digit of i(6)?
6
Let k(j) = 32*j - 7. What is the units digit of k(4)?
1
Let i be (15/9)/(3/(-9)). Let b be 2/1 + (-16)/4. Let a = b - i. What is the units digit of a?
3
Let s(d) = 3*d - 6. What is the units digit of s(6)?
2
Suppose 2*q - 10 = -3*t, 0*t = 4*q + t. Suppose -5*b + 11 = -3*f, 0 = 3*b - 5*b - 2*f + 14. Let m = b + q. What is the units digit of m?
3
Suppose m - 4 - 6 = 0. Suppose 3*j = j + m. What is the units digit of j?
5
Suppose i - 1 + 2 = 4*g, 0 = -i - g + 4. Let a = i + 0. Suppose h + a*h = 8. What is the units digit of h?
2
Let p(x) = 24*x. What is the tens digit of p(19)?
5
Let m be 6/10 - 978/30. Let c = 51 + m. Suppose 5*g - 3*v = c, 3*g + 5*v + 4 = -5. What is the units digit of g?
2
Let r(w) = -5*w**3 - 6*w**2 - 5*w + 8. Let m(l) = -6*l**3 - 6*l**2 - 6*l + 9. Let o(p) = 4*m(p) - 5*r(p). What is the units digit of o(-5)?
6
Suppose -4*j + 2*g - 9 = -127, -2*j + 69 = g. Suppose -4*z + n = -j, -n + 3*n + 32 = 4*z. What is the units digit of 1/(2 - 14/z)?
4
Let h be (135/6)/(-1)*-4. Suppose h = 5*b + 3*c, -4*b - 4*c - c = -72. Let y = b - 7. What is the units digit of y?
1
Suppose 4*t = -4*g + 40, -2 = t - 4*g + 3. Suppose -2*b = -b - t. Suppose 5*a - 23 = b. What is the units digit of a?
6
Let d(h) = 14*h - 1. What is the hundreds digit of d(8)?
1
What is the tens digit of ((-1364)/2)/(5 - (7 - 0))?
4
Let q be (-10)/2*(-12)/10. Let i be 2*(-13)/2*-1. Let x = i - q. What is the units digit of x?
7
Suppose 4*s = -2*h + 10, -2 = -5*s - 2*h + 3*h. What is the units digit of 3 + 22*s/2?
4
Let v be (-1)/(-1) + 1 - -2. Suppose 0 = -z + v*f + 31, -3*f - 25 = 2*f. What is the tens digit of z?
1
Let s be -2 + -1 + -1 + 29. Let x = s - 13. What is the units digit of x?
2
Let j(o) = -14*o. Let i be j(4). What is the units digit of (-25)/10*i/10?
4
Let s be (-2)/3 - (-332)/(-6). What is the tens digit of (-1496)/s + (-4)/(-14)?
2
Let y be ((-3)/1)/(-12)*4. Let k(d) = 36*d**2 - 1. Let b be k(y). Suppose -10 = -2*f - 2*r + 16, -3*f + r = -b. What is the tens digit of f?
1
Let q(w) = w**2 - w + 32. What is the units digit of q(0)?
2
What is the tens digit of 5950/20 - 1*(-6)/4?
9
Let g = 115 - 31. Suppose 2*z - g = -z. Suppose -h - h = -z. What is the units digit of h?
4
What is the hundreds digit of (2/2 + 8)/((-27)/(-396))?
1
Let q be 3 + (-2)/6*-3. Suppose -w + 0*w + 1 = 2*b, 0 = 2*w - q*b - 2. Suppose -3*f + 2 = -3*a - w, -5*f + 4*a = -5. What is the units digit of f?
1
Suppose 2*i + 30 + 6 = 0. Let d(b) = -4*b - 14. What is the units digit of d(i)?
8
Let x be ((-6)/15)/((-2)/20). Let g be x - 6 - 34/(-1). Let u = g - 14. What is the tens digit of u?
1
Suppose 688 = 14*z - 1216. What is the hundreds digit of z?
1
Suppose -2*z = 17 - 47. Suppose b = -2*b + z. What is the units digit of b?
5
Let c be 69/9 + 4/(-6). What is the units digit of (0 + -7)*(-6)/c?
6
Suppose -52 = -4*n - 5*b + 69, 4*n + 2*b = 118. Suppose 3*v = -3*t + n + 13, -3*v = -6. What is the tens digit of t?
1
Let r = -22 - -27. What is the units digit of r?
5
Let w = -5 + 10. What is the units digit of w?
5
Let b be 6 - 4 - (-2 - -1). Let w = b - -4. What is the units digit of w?
7
Suppose -8 = 4*d - 0. What is the units digit of (-952)/(-32) - d/8?
0
Let z(x) = 29*x**3 + x**2 - x. Let g be z(1). Let s = 41 - g. What is the tens digit of s?
1
Suppose 0 = x - 0*x + 1. Let v(j) = -24*j. What is the units digit of v(x)?
4
What is the uni